 25?
25
What is the greatest common divisor of 144 and 1738080?
144
What is the highest common factor of 938 and 419018?
134
What is the highest common divisor of 119 and 24241?
7
Calculate the highest common divisor of 251 and 433477.
251
What is the greatest common divisor of 298 and 111154?
298
What is the highest common divisor of 520 and 945?
5
Calculate the highest common divisor of 1120180 and 140.
20
Calculate the highest common divisor of 2618880 and 40.
40
What is the greatest common divisor of 32544 and 1440?
288
What is the greatest common factor of 232 and 4414264?
232
Calculate the highest common divisor of 256 and 494336.
256
Calculate the greatest common divisor of 390 and 1664715.
195
What is the greatest common divisor of 505205 and 237?
79
What is the greatest common factor of 5448 and 25944?
24
Calculate the greatest common factor of 990 and 8490.
30
Calculate the greatest common factor of 271575 and 142.
71
What is the greatest common divisor of 216 and 10536?
24
What is the greatest common factor of 573 and 68951?
191
What is the greatest common factor of 1287 and 155034?
99
What is the greatest common factor of 663 and 4420?
221
What is the greatest common divisor of 1228 and 1891120?
1228
What is the greatest common factor of 1776 and 11914?
74
What is the greatest common factor of 74060 and 1?
1
What is the greatest common divisor of 480 and 220515?
15
Calculate the highest common factor of 27 and 102033.
27
What is the greatest common factor of 13 and 314353?
13
Calculate the greatest common divisor of 1769 and 203.
29
What is the greatest common divisor of 22 and 118899?
11
Calculate the greatest common factor of 222 and 423576.
222
What is the greatest common factor of 72770 and 190?
190
Calculate the highest common factor of 38663 and 5221.
23
What is the greatest common divisor of 31088 and 1624?
232
What is the highest common divisor of 3616928 and 4820?
964
What is the greatest common divisor of 1108 and 530732?
1108
What is the greatest common factor of 61250 and 6625?
125
Calculate the highest common factor of 16791 and 93.
3
Calculate the highest common factor of 1946 and 119.
7
What is the highest common divisor of 120 and 2606160?
120
Calculate the greatest common factor of 474 and 37683.
237
Calculate the highest common divisor of 6 and 1118.
2
What is the greatest common divisor of 93 and 18795858?
93
Calculate the highest common factor of 21512 and 240.
8
What is the highest common factor of 8099 and 364?
91
What is the greatest common factor of 292423 and 186?
31
What is the greatest common divisor of 56546 and 98?
98
What is the greatest common factor of 353340 and 720?
180
What is the greatest common factor of 949 and 27521?
949
What is the greatest common factor of 11034 and 12?
6
What is the greatest common divisor of 9798 and 15042?
138
Calculate the highest common factor of 57855 and 10640.
665
Calculate the highest common factor of 18991 and 77.
7
What is the greatest common factor of 1831258 and 1348?
674
What is the greatest common factor of 3009 and 4131?
51
Calculate the greatest common divisor of 2485552 and 1888.
944
What is the highest common factor of 63 and 585?
9
What is the highest common divisor of 804500 and 1300?
100
Calculate the highest common factor of 30642 and 114.
6
Calculate the greatest common factor of 10 and 5120.
10
What is the greatest common factor of 8 and 27352?
8
What is the highest common divisor of 112 and 16548?
28
What is the highest common divisor of 4 and 3548?
4
What is the greatest common divisor of 882871 and 249?
83
Calculate the greatest common factor of 320 and 93760.
320
What is the greatest common factor of 1223229 and 279?
93
What is the highest common divisor of 124 and 663214?
62
What is the highest common factor of 237766 and 38?
38
Calculate the highest common divisor of 280 and 14770.
70
What is the highest common divisor of 520 and 44980?
260
What is the greatest common divisor of 72558 and 8352?
522
Calculate the greatest common divisor of 1580 and 80.
20
What is the greatest common factor of 351 and 16419?
39
What is the greatest common divisor of 1183 and 1513057?
1183
What is the greatest common divisor of 17 and 175967?
17
What is the highest common factor of 5000772 and 111?
111
What is the highest common factor of 1974 and 2058?
42
What is the greatest common divisor of 4453965 and 3915?
1305
Calculate the highest common divisor of 102655 and 1257.
419
Calculate the highest common divisor of 4772 and 10.
2
Calculate the greatest common divisor of 64 and 92608.
64
What is the highest common factor of 76800 and 672?
96
Calculate the highest common divisor of 727 and 2146831.
727
Calculate the highest common factor of 3381 and 34293.
483
Calculate the greatest common divisor of 8283 and 15.
3
What is the greatest common divisor of 1469542 and 1?
1
Calculate the greatest common factor of 130 and 1390.
10
What is the greatest common factor of 46013 and 423?
47
Calculate the greatest common divisor of 59148 and 1484.
212
Calculate the highest common factor of 45155 and 10.
5
Calculate the greatest common divisor of 1089 and 23793.
33
Calculate the highest common divisor of 426 and 4374.
6
What is the greatest common factor of 3857 and 42028?
133
Calculate the highest common divisor of 187642 and 364.
182
Calculate the highest common factor of 114758 and 196.
98
What is the greatest common divisor of 10 and 682705?
5
What is the highest common divisor of 60 and 11010?
30
Calculate the greatest common factor of 405 and 35559.
81
What is the highest common factor of 98436 and 2184?
156
Calculate the greatest common divisor of 800 and 161550.
50
Calculate the greatest common factor of 42 and 9730.
14
Calculate the highest common divisor of 213886 and 1832.
458
Calculate the highest common divisor of 2261 and 57665.
19
What is the highest common factor of 807 and 1684209?
807
Calculate the highest common divisor of 2690370 and 7014.
1002
Calculate the greatest common divisor of 769140 and 315.
45
Calculate the highest common factor of 114 and 38931.
57
What is the highest common divisor of 2697 and 2407?
29
Calculate the highest common factor of 18 and 93447.
9
Calculate the highest common factor of 114 and 1751534.
38
What is the greatest common factor of 20 and 275190?
10
What is the highest common factor of 35074 and 8398?
494
What is the greatest common factor of 6561 and 459?
27
Calculate the greatest common factor of 612 and 77656.
68
Calculate the greatest common divisor of 754 and 318.
2
What is the greatest common divisor of 138244 and 3852?
428
What is the highest common factor of 3753 and 1112?
139
Calculate the highest common divisor of 12537 and 2646.
63
What is the highest common divisor of 38394 and 1944?
486
What is the highest common factor of 11088 and 288?
144
Calculate the greatest common factor of 36393 and 273.
21
Calculate the greatest common factor of 5136 and 240.
48
Calculate the greatest common factor of 3332 and 47719.
119
What is the greatest common divisor of 26988 and 260?
52
Calculate the greatest common divisor of 82 and 7861012.
82
What is the highest common factor of 631386 and 63?
63
Calculate the greatest common factor of 1368 and 1025088.
456
Calculate the highest common divisor of 996 and 1083.
3
Calculate the highest common factor of 16789 and 309.
103
What is the highest common divisor of 74921 and 1078?
539
What is the greatest common factor of 114 and 584516?
38
Calculate the greatest common divisor of 433642 and 3542.
506
What is the greatest common factor of 306527 and 55480?
1387
Calculate the highest common factor of 2185 and 207.
23
What is the highest common divisor of 5824 and 10556?
364
What is the greatest common divisor of 9592 and 26708?
44
Calculate the greatest common divisor of 27775 and 21175.
275
What is the greatest common divisor of 140507 and 161?
23
Calculate the highest common factor of 10680 and 1734.
6
What is the greatest common divisor of 209 and 40394?
19
What is the greatest common divisor of 1290 and 968?
2
Calculate the greatest common factor of 45379 and 69.
23
What is the highest common factor of 290 and 86942?
58
Calculate the highest common divisor of 24 and 4401.
3
What